er?
True
Is 62267 composite?
True
Is 176555 a prime number?
False
Is 289523 prime?
False
Is 16837 composite?
True
Is 6761 a prime number?
True
Is 2161 composite?
False
Is 53069 a composite number?
False
Is 863717 a prime number?
False
Is 5482331 a composite number?
False
Is 23857 composite?
False
Is 113689 a composite number?
True
Is 18295 prime?
False
Is 398813 a composite number?
False
Is 81329 prime?
False
Is 991 composite?
False
Is 67793 a prime number?
False
Is 33827 prime?
True
Is 11101 composite?
True
Is 39341 a prime number?
True
Is 21262 a composite number?
True
Is 2722 a composite number?
True
Is 2393 a composite number?
False
Is 94079 composite?
False
Is 171433 composite?
True
Is 535811 a composite number?
False
Is 18599 prime?
False
Is 1091397 a prime number?
False
Is 2491 prime?
False
Is 532061 a composite number?
False
Is 521405 a composite number?
True
Is 4994269 a composite number?
True
Is 15727 prime?
True
Is 22339 composite?
True
Is 9197 a prime number?
False
Is 87299 a prime number?
True
Is 123751 a prime number?
False
Is 697 prime?
False
Is 64373 composite?
False
Is 262445 prime?
False
Is 26518 a prime number?
False
Is 175733 a prime number?
False
Is 84299 a composite number?
False
Is 11539 a prime number?
False
Is 7661 composite?
True
Is 36647 a composite number?
True
Is 62029 composite?
True
Is 58631 a composite number?
False
Is 2837 a composite number?
False
Is 99933 a prime number?
False
Is 9745 a composite number?
True
Is 568237 composite?
False
Is 95909 prime?
False
Is 1973 composite?
False
Is 2279883 prime?
False
Is 27131 prime?
False
Is 211177 a prime number?
True
Is 5807 a prime number?
True
Is 97 a composite number?
False
Is 99331 prime?
False
Is 4141 composite?
True
Is 14143 prime?
True
Is 40091 a prime number?
False
Is 3715 a prime number?
False
Is 8777 a composite number?
True
Is 19715 a prime number?
False
Is 52853 prime?
False
Is 18787 a composite number?
False
Is 58423 a prime number?
False
Is 200117 a prime number?
True
Is 103423 a prime number?
True
Is 71899 a prime number?
True
Is 285314 a prime number?
False
Is 7411 composite?
False
Is 1641422 a prime number?
False
Is 38821 a prime number?
True
Is 36213 prime?
False
Is 26434 a composite number?
True
Is 3761 a composite number?
False
Is 2053 composite?
False
Is 82583 prime?
False
Is 1652347 a prime number?
True
Is 236359 a composite number?
True
Is 6979 prime?
False
Is 206147 a prime number?
False
Is 319837 a prime number?
False
Is 10219 a composite number?
True
Is 16917 a composite number?
True
Is 87839 a prime number?
False
Is 99871 a prime number?
True
Is 1069 composite?
False
Is 23423 a composite number?
True
Is 31139 composite?
False
Is 5147 a prime number?
True
Is 135571 a composite number?
False
Is 1082247 composite?
True
Is 17371 a composite number?
True
Is 8353303 composite?
True
Is 84953 prime?
False
Is 1157 a composite number?
True
Is 4049 prime?
True
Is 79802 prime?
False
Is 61501 a prime number?
False
Is 10133 composite?
False
Is 3667119 a composite number?
True
Is 3863 composite?
False
Is 19031 composite?
False
Is 4885 a prime number?
False
Is 1379383 a composite number?
False
Is 1377737 a composite number?
False
Is 170123 a composite number?
False
Is 21239 a composite number?
True
Is 126173 a prime number?
True
Is 3163 a composite number?
False
Is 24347 composite?
True
Is 2053 a prime number?
True
Is 211187 composite?
False
Is 35507 a composite number?
False
Is 2513 a prime number?
False
Is 175777 prime?
False
Is 15073 a prime number?
True
Is 127615 prime?
False
Is 10651 composite?
False
Is 479189 a composite number?
False
Is 595567 prime?
False
Is 7435 composite?
True
Is 2267 a prime number?
True
Is 484801 a prime number?
False
Is 2884589 prime?
True
Is 1138589 a composite number?
False
Is 16667 a composite number?
True
Is 17657 a composite number?
False
Is 127423 prime?
True
Is 255943 composite?
True
Is 1570807 a prime number?
False
Is 928138 a prime number?
False
Is 22739 a composite number?
False
Is 37159 prime?
True
Is 21767 composite?
False
Is 208139 a prime number?
True
Is 990499 a prime number?
False
Is 28285 composite?
True
Is 240073 composite?
False
Is 40961 composite?
False
Is 1183981 a prime number?
True
Is 48421 a composite number?
True
Is 853 a prime number?
True
Is 34901 prime?
False
Is 5053 a composite number?
True
Is 6737 a prime number?
True
Is 466419 a composite number?
True
Is 893147 prime?
True
Is 141 a prime number?
False
Is 224899 prime?
False
Is 67577 composite?
False
Is 69463 composite?
False
Is 245581 prime?
False
Is 41443 a composite number?
False
Is 100213 prime?
True
Is 63197 composite?
False
Is 1624163 composite?
True
Is 23559 composite?
True
Is 51767 composite?
False
Is 149837 a composite number?
False
Is 48103 composite?
True
Is 2251 prime?
True
Is 30111 a composite number?
True
Is 47183 composite?
True
Is 2633 a prime number?
True
Is 49307 composite?
False
Is 1257103 prime?
True
Is 113327 composite?
False
Is 132703 a prime number?
False
Is 158261 composite?
False
Is 152237 a prime number?
False
Is 30803 prime?
True
Is 29031 a prime number?
False
Is 44017 a composite number?
False
Is 250261 composite?
True
Is 41711 a composite number?
True
Is 21467 a prime number?
True
Is 219043 a composite number?
True
Is 10063 a composite number?
True
Is 477313 a composite number?
False
Is 139585 a prime number?
False
Is 203381 composite?
False
Is 39293 a prime number?
True
Is 3263 prime?
False
Is 473 composite?
True
Is 14803 a prime number?
False
Is 3343 a composite number?
False
Is 109502 prime?
False
Is 121043 a prime number?
False
Is 1207699 a composite number?
False
Is 1455634 prime?
False
Is 15839 composite?
True
Is 33109 composite?
True
Is 33686 a prime number?
False
Is 29299 a prime number?
False
Is 11863 a prime number?
True
Is 369637 prime?
True
Is 14971 prime?
False
Is 52943 prime?
False
Is 12941 prime?
True
Is 229101 a composite number?
True
Is 5747 a composite number?
True
Is 7039 composite?
False
Is 878119 a composite number?
True
Is 13483 a prime number?
False
Is 69899 prime?
True
Is 304117 a prime number?
False
Is 451873 a composite number?
False
Is 1069477 composite?
True
Is 517499 prime?
True
Is 367453 a composite number?
False
Is 25717 a prime number?
True
Is 47467 composite?
True
Is 33365 composite?
True
Is 26371 a prime number?
True
Is 69877 a prime number?
True
Is 10799 a prime number?
True
Is 12949 composite?
True
Is 15961 prime?
False
Is 207491 a composite number?
False
Is 32933 a prime number?
True
Is 2828183 prime?
True
Is 68519 a prime number?
False
Is 78661 a prime number?
False
Is 205937 a composite number?
False
Is 85439 a composite number?
False
Is 554407 composite?
True
Is 1355 a composite number?
True
Is 4981 a composite number?
True
Is 10223 composite?
False
Is 1213 a composite number?
False
Is 56471 a prime number?
False
Is 62255 prime?
False
Is 10967 prime?
False
Is 4705 a prime number?
False
Is 87403 prime?
True
Is 27731 composite?
True
Is 81181 a prime number?
True
Is 3397 a composite number?
True
Is 68099 prime?
True
Is 892477 prime?
False
Is 92633 prime?
False
Is 51749 prime?
True
Is 401 prime?
True
Is 14519 a composite number?
False
Is 32777 a composite number?
True
Is 1061 a prime number?
True
Is 4126 composite?
True
Is 23939 a composite number?
True
Is 487001 prime?
False
Is 11617 prime?
True
Is 4411 composite?
True
Is 866735 a prime number?
False
Is 5077 prime?
True
Is 8705 prime?
False
Is 410453 prime?
True
Is 4703 composite?
False
Is 34913 a composite number?
False
Is 698515 a prime number?
False
Is 218469 a prime number?
False
Is 9661 a prime number?
True
Is 33817 a prime number?
False
Is 355403 composite?
True
Is 17735 a prime number?
False
Is 75079 prime?
True
Is 19373 a composite number?
False
Is 10753 a composite number?
False
Is 13781 a composite number?
False
Is 16723 a composite number?
True
Is 330898 a prime number?
False
Is 2060843 prime?
True
Is 67739 a prime number?
False
Is 373021 prime?
False
Is 34723 a composite number?
True
Is 272507 a composite number?
False
Is 232291 prime?
False
Is 6673 a prime number?
True
Is 12569 a composite number?
False
Is 14029 a composite number?
False
Is 173617 composite?
False
Is 55507 composite?
True
Is 14243 a composite number?